{"id":820,"date":"2014-06-29T18:58:40","date_gmt":"2014-06-29T18:58:40","guid":{"rendered":"http:\/\/mv-schmalnau.de\/?page_id=820"},"modified":"2018-01-16T07:21:11","modified_gmt":"2018-01-16T07:21:11","slug":"unser-verein","status":"publish","type":"page","link":"https:\/\/mv-schmalnau.de\/index.php\/unser-verein\/","title":{"rendered":"Unser Verein"},"content":{"rendered":"<p style=\"color: #000000;\"><img loading=\"lazy\" decoding=\"async\" class=\"alignnone size-full wp-image-821\" src=\"http:\/\/mv-schmalnau.de\/wp-content\/uploads\/2014\/06\/img_20131010_165232.jpg\" alt=\"IMG_20131010_165232\" width=\"720\" height=\"489\" srcset=\"https:\/\/mv-schmalnau.de\/wp-content\/uploads\/2014\/06\/img_20131010_165232.jpg 720w, https:\/\/mv-schmalnau.de\/wp-content\/uploads\/2014\/06\/img_20131010_165232-300x203.jpg 300w, https:\/\/mv-schmalnau.de\/wp-content\/uploads\/2014\/06\/img_20131010_165232-600x407.jpg 600w\" sizes=\"auto, (max-width: 720px) 100vw, 720px\" \/><\/p>\n<p style=\"color: #000000;\"><span style=\"font-family: Arial, Helvetica, Geneva, sans-serif, sans-serif;\">Der Musikverein Schmalnau 1983 e.V. ist Mitglied im Kreis- und Stadtmusikverband, sowie im Hessischen Blasmusikverband. Er hat zur Zeit rund 260 Mitglieder. Gef\u00fchrt wird der Verein vom 1.\u00a0Vorsitzenden Matthias M\u00fcck. Die musikalische Leitung der 30 Musiker hat Dirigent Patrik Hillenbrand.<\/span><\/p>\n<p style=\"color: #000000;\"><span style=\"font-family: Arial, Helvetica, Geneva, sans-serif, sans-serif;\">Der Musikverein sieht seine Aufgabe vornehmlich in der Pflege der Blas- und Volksmusik, der Gewinnung der Jugend zur musikalischen Bildung und zu einem geselligem Miteinander.<\/span><\/p>\n<p style=\"color: #000000;\"><span style=\"font-family: Arial, Helvetica, Geneva, sans-serif, sans-serif;\">Bei unseren Aktivit\u00e4ten spielen das Dorfgeschehen und das kirchliche Leben in Schmalnau eine gro\u00dfe Rolle. Wir gestalten musikalisch Gottesdienste, Hochzeiten, Dorffest und den Kirmesumzug des Heimatvereins.<\/span><\/p>\n<p style=\"color: #000000;\"><span style=\"font-family: Arial, Helvetica, Geneva, sans-serif, sans-serif;\">Mit den Auftritten alleine ist es aber nicht getan. Es geh\u00f6rt jede Woche mindestens eine Musikprobe dazu. Diese findet\u00a0<strong style=\"color: #0000ff;\">Donnerstags von 19:30 Uhr bis 21:30 Uhr<\/strong>\u00a0statt.<\/span><\/p>\n<p style=\"color: #000000;\"><span style=\"font-family: Arial, Helvetica, Geneva, sans-serif, sans-serif;\">Auf die Jugendarbeit legen wir gro\u00dfen Wert, da der Fortbestand eines Musikvereins gesichert ist, wenn immer wieder junge Musiker in die Kapelle eingegliedert werden k\u00f6nnen. Dazu ist eine kontinuierliche Ausbildung notwendig.<\/span><\/p>\n<p style=\"color: #000000;\"><span style=\"font-family: Arial, Helvetica, Geneva, sans-serif, sans-serif;\">Eine gro\u00dfe Rolle in unserem Verein spielt das B\u00fcrgerhaus Schmalnau. Das B\u00fcrgerhaus bildet die Grundlage f\u00fcr die \u00dcbungsabende des Musikvereins, des Gesangsvereins und weiterer Schmalnauer Vereine.<\/span><\/p>\n","protected":false},"excerpt":{"rendered":"<p>Der Musikverein Schmalnau 1983 e.V. ist Mitglied im Kreis- und Stadtmusikverband, sowie im Hessischen Blasmusikverband. Er hat zur Zeit rund 260 Mitglieder. Gef\u00fchrt wird der Verein vom 1.\u00a0Vorsitzenden Matthias M\u00fcck. Die musikalische Leitung der 30 Musiker hat Dirigent Patrik Hillenbrand. Der Musikverein sieht seine Aufgabe vornehmlich in der Pflege der Blas- und Volksmusik, der Gewinnung &hellip; <a href=\"https:\/\/mv-schmalnau.de\/index.php\/unser-verein\/\" class=\"more-link\"><span class=\"screen-reader-text\">Unser Verein<\/span> weiterlesen <span class=\"meta-nav\">&rarr;<\/span><\/a><\/p>\n","protected":false},"author":1,"featured_media":0,"parent":0,"menu_order":0,"comment_status":"closed","ping_status":"closed","template":"","meta":{"footnotes":""},"class_list":["post-820","page","type-page","status-publish","hentry"],"_links":{"self":[{"href":"https:\/\/mv-schmalnau.de\/index.php\/wp-json\/wp\/v2\/pages\/820","targetHints":{"allow":["GET"]}}],"collection":[{"href":"https:\/\/mv-schmalnau.de\/index.php\/wp-json\/wp\/v2\/pages"}],"about":[{"href":"https:\/\/mv-schmalnau.de\/index.php\/wp-json\/wp\/v2\/types\/page"}],"author":[{"embeddable":true,"href":"https:\/\/mv-schmalnau.de\/index.php\/wp-json\/wp\/v2\/users\/1"}],"replies":[{"embeddable":true,"href":"https:\/\/mv-schmalnau.de\/index.php\/wp-json\/wp\/v2\/comments?post=820"}],"version-history":[{"count":0,"href":"https:\/\/mv-schmalnau.de\/index.php\/wp-json\/wp\/v2\/pages\/820\/revisions"}],"wp:attachment":[{"href":"https:\/\/mv-schmalnau.de\/index.php\/wp-json\/wp\/v2\/media?parent=820"}],"curies":[{"name":"wp","href":"https:\/\/api.w.org\/{rel}","templated":true}]}}

<p style="color: #000000;"><img loading="lazy" decoding="async" class="alignnone size-full wp-image-821" src="http://mv-schmalnau.de/wp-content/uploads/2014/06/img_20131010_165232.jpg" alt="IMG_20131010_165232" width="720" height="489" srcset="https://mv-schmalnau.de/wp-content/uploads/2014/06/img_20131010_165232.jpg 720w, https://mv-schmalnau.de/wp-content/uploads/2014/06/img_20131010_165232-300x203.jpg 300w, https://mv-schmalnau.de/wp-content/uploads/2014/06/img_20131010_165232-600x407.jpg 600w" sizes="auto, (max-width: 720px) 100vw, 720px" /></p>
<p style="color: #000000;"><span style="font-family: Arial, Helvetica, Geneva, sans-serif, sans-serif;">Der Musikverein Schmalnau 1983 e.V. ist Mitglied im Kreis- und Stadtmusikverband, sowie im Hessischen Blasmusikverband. Er hat zur Zeit rund 260 Mitglieder. Geführt wird der Verein vom 1. Vorsitzenden Matthias Mück. Die musikalische Leitung der 30 Musiker hat Dirigent Patrik Hillenbrand.</span></p>
<p style="color: #000000;"><span style="font-family: Arial, Helvetica, Geneva, sans-serif, sans-serif;">Der Musikverein sieht seine Aufgabe vornehmlich in der Pflege der Blas- und Volksmusik, der Gewinnung der Jugend zur musikalischen Bildung und zu einem geselligem Miteinander.</span></p>
<p style="color: #000000;"><span style="font-family: Arial, Helvetica, Geneva, sans-serif, sans-serif;">Bei unseren Aktivitäten spielen das Dorfgeschehen und das kirchliche Leben in Schmalnau eine große Rolle. Wir gestalten musikalisch Gottesdienste, Hochzeiten, Dorffest und den Kirmesumzug des Heimatvereins.</span></p>
<p style="color: #000000;"><span style="font-family: Arial, Helvetica, Geneva, sans-serif, sans-serif;">Mit den Auftritten alleine ist es aber nicht getan. Es gehört jede Woche mindestens eine Musikprobe dazu. Diese findet <strong style="color: #0000ff;">Donnerstags von 19:30 Uhr bis 21:30 Uhr</strong> statt.</span></p>
<p style="color: #000000;"><span style="font-family: Arial, Helvetica, Geneva, sans-serif, sans-serif;">Auf die Jugendarbeit legen wir großen Wert, da der Fortbestand eines Musikvereins gesichert ist, wenn immer wieder junge Musiker in die Kapelle eingegliedert werden können. Dazu ist eine kontinuierliche Ausbildung notwendig.</span></p>
<p style="color: #000000;"><span style="font-family: Arial, Helvetica, Geneva, sans-serif, sans-serif;">Eine große Rolle in unserem Verein spielt das Bürgerhaus Schmalnau. Das Bürgerhaus bildet die Grundlage für die Übungsabende des Musikvereins, des Gesangsvereins und weiterer Schmalnauer Vereine.</span></p>

<p>Der Musikverein Schmalnau 1983 e.V. ist Mitglied im Kreis- und Stadtmusikverband, sowie im Hessischen Blasmusikverband. Er hat zur Zeit rund 260 Mitglieder. Geführt wird der Verein vom 1. Vorsitzenden Matthias Mück. Die musikalische Leitung der 30 Musiker hat Dirigent Patrik Hillenbrand. Der Musikverein sieht seine Aufgabe vornehmlich in der Pflege der Blas- und Volksmusik, der Gewinnung &hellip; <a href="https://mv-schmalnau.de/index.php/unser-verein/" class="more-link"><span class="screen-reader-text">Unser Verein</span> weiterlesen <span class="meta-nav">&rarr;</span></a></p>
